1236/(-102). What are the prime factors of 220/6 + (-4)/a?
37
Let f(l) = -1. Let y(a) = -10*a - 5. Let n(i) = -6*f(i) + y(i). What are the prime factors of n(-7)?
71
What are the prime factors of ((-4235)/10 + 0)/(1/(-2))?
7, 11
Suppose 3*c - 110 = 409. Suppose -457 = -9*l + c. List the prime factors of l.
2, 5, 7
Let j(h) = h**3 + 17*h**2 + 20*h + 12. What are the prime factors of j(-15)?
2, 3
Let r(o) = 2*o**2 + 6*o - 1. What are the prime factors of r(-6)?
5, 7
Suppose 39*y - 29*y = 5500. What are the prime factors of y?
2, 5, 11
List the prime factors of (-2 + (-35)/(-21))/((-1)/5127).
1709
Let k be 2/(9/((-585)/(-10))). Suppose -14*l = -k*l - 53. List the prime factors of l.
53
Suppose -216 = 4*f - 2*f. Let w = 48 - f. List the prime factors of w.
2, 3, 13
Let c = 15 - 77. Let q = 113 + c. What are the prime factors of q?
3, 17
Let o be -21 + 3 + 1*-6 + 3. Let k = o + 26. List the prime factors of k.
5
Let b(x) be the first derivative of 5*x**2 + 3*x**3 + 14*x - 1/4*x**4 + 5. List the prime factors of b(10).
2, 7
Suppose 0 = h - 2*c + 3*c - 91, -5*h = 3*c - 457. Suppose -2*y = -h - 182. List the prime factors of y.
137
Let f(z) = -173*z - 494. What are the prime factors of f(-8)?
2, 5, 89
Let a(z) = 6*z + 13. Let y be a(7). Let n = 34 + y. What are the prime factors of n?
89
Suppose -4*u - 36 = 2*b, 4*b - u + 32 = -4. Let y(d) = d**2 + 9*d - 6. Let s be y(b). Suppose x = s, -3*x = m + 3*m - 172. What are the prime factors of m?
2, 5
Suppose -64152 = -54*a + 10*a. What are the prime factors of a?
2, 3
Let w(j) = -j**2 + 2*j + 13. Let d be w(5). Suppose -4*o + 6*o = 96. Let c = o - d. List the prime factors of c.
2, 5
Suppose -c - c - 3*s + 3826 = 0, 4*s + 7652 = 4*c. List the prime factors of c.
1913
Let t = 2581 + -1736. List the prime factors of t.
5, 13
What are the prime factors of (((-142)/(-4))/1)/(25/450)?
3, 71
Suppose 0 = -2*m, -3*o = m - 0*m + 171. Let z = 97 + o. List the prime factors of z.
2, 5
Let u = 4 - 2. Let p = 103 - 96. Suppose 37 = u*y - p. What are the prime factors of y?
2, 11
Suppose -9*s + 55332 = 9*s. List the prime factors of s.
2, 29, 53
Suppose -3*w = -3*q + 993, 4*q - 1226 = -w + 103. What are the prime factors of q?
2, 83
Let s be (-3)/((-60)/16)*145. Let f = -99 + s. What are the prime factors of f?
17
Let z(m) = -m**3 - 6*m**2 + 10*m + 147. What are the prime factors of z(-16)?
3, 283
Suppose -4*k - 64 = -4*c, -2*c + 4*k = -5*c + 20. List the prime factors of c/18 - 184/(-12).
2
Let d = 20 + -17. Let j(q) = q**2 - 2*q. Let i be j(d). What are the prime factors of ((696/i)/4)/1?
2, 29
Let a(u) = 118*u + 223. What are the prime factors of a(5)?
3, 271
Suppose -2*i + 469 = 5*i. Let l = 173 - i. List the prime factors of l.
2, 53
Let j = 0 + 3. Let u be (-2 + j)*(2 - 3). List the prime factors of (-2*(-3 - u))/1.
2
Suppose -5*d + 8040 = 3*n, -22*d + 26*d - 6435 = -3*n. List the prime factors of d.
3, 5, 107
Suppose 3*o + 0*g = 5*g + 1899, 0 = 4*o + 5*g - 2567. Suppose -6*l = 2 - o. What are the prime factors of l?
2, 53
Let v(o) = 17*o - 11. Suppose 3*r - 7 - 11 = 0. What are the prime factors of v(r)?
7, 13
Suppose 25 = -5*a + 5, 2*j - 6172 = 2*a. List the prime factors of j.
2, 23, 67
Let o = 84 + -141. Let w = 108 + o. What are the prime factors of w?
3, 17
Suppose 0 = 6*w - 4973 - 3379. Suppose 5*q + 507 = w. What are the prime factors of q?
3, 59
What are the prime factors of 1 + 464 + -3 + -6?
2, 3, 19
Suppose 2*f - 15 = -f. Let u be (-64)/8 + 12 - 2. Suppose f*m - 24 = u*m. List the prime factors of m.
2
Suppose -5*p + 4*l = 7*l - 6, -5*p + l + 18 = 0. Suppose 2*z - 6*z + 39 = p*h, 2*z = 0. Let d = h - 9. List the prime factors of d.
2
Let a = -156 - -267. Let f = a + -34. List the prime factors of f.
7, 11
Let t be ((-12)/10)/((-39)/(-130)) - -13. Suppose 14*c = t*c + 1000. List the prime factors of c.
2, 5
Let n(a) = 39*a - 26. What are the prime factors of n(5)?
13
Suppose -4 = 4*c, 0 = 3*f - 2*c - 916 - 3355. List the prime factors of f.
1423
Suppose -1633 = -10*n + 87. List the prime factors of n.
2, 43
Let u = -7 + 7. Suppose u = 6*x - 3*x - 9, 2*x - 438 = -3*c. Suppose 0 = -6*b + 9*b - c. What are the prime factors of b?
2, 3
Let l(q) = -52*q + 44. Let r(o) = 17*o - 15. Let c(b) = 4*l(b) + 11*r(b). What are the prime factors of c(-3)?
2, 37
Suppose -f + 4 = -0*f, 2*l + 2*f = -50. Let w(c) = -4*c**2 - 8*c - 20. Let a be w(-4). Let k = l - a. List the prime factors of k.
23
Let y(x) = x**3 + 4*x**2 - 10*x + 10. Let i = -45 - -40. List the prime factors of y(i).
5, 7
Let u(p) = -p**3 - 46*p**2 + 5*p - 131. List the prime factors of u(-47).
19, 97
Let o(x) = 363*x + 22. What are the prime factors of o(5)?
11, 167
Suppose s + 5*o - 1307 = -251, -2*s + 3*o = -2138. List the prime factors of s.
2, 13, 41
Let y(m) = m**3 - 5*m**2 + 2*m - 3. Let u be ((-10)/6)/(1/(-3)). Let h be y(u). Suppose -2*j + 59 = r, -h*r = -4*j - 2*r + 97. What are the prime factors of j?
2, 7
Let g be (1 + 5)*(5 + -2). Let j = -13 + g. Suppose 0 = j*b + 12 - 77. What are the prime factors of b?
13
Let c(f) = -13*f + 86. List the prime factors of c(-37).
3, 7
Suppose 6*g = 2*g - 5*v - 12, -3*g = -5*v - 26. Suppose -3*c - g*d + 0*d + 41 = 0, 5*d = -c - 8. List the prime factors of c.
17
List the prime factors of (1079 - (-9 - -6)) + -5.
3, 359
Suppose 4*i - 224 = -2*d, -4*i + 6*d = d - 196. Suppose -4 = -5*n + 6. Suppose -i = -3*t - 2*u + 20, 5*t - n*u = 134. List the prime factors of t.
2, 13
What are the prime factors of 3/27 - 90445/(-45)?
2, 3, 5, 67
Suppose 0 = -2*i - 5*r - 6, 5*r = -0*i - 5*i. Let s be 7/((-21)/(-6)) - i. Let v = s + 4. List the prime factors of v.
2
Suppose 4*z - m = 2670 + 13, 0 = 5*z - 4*m - 3362. List the prime factors of z.
2, 5, 67
Let w(g) = 37*g - 3. Let d be w(5). Let x = d + -97. What are the prime factors of x?
5, 17
Let f(w) = w**3 + 6*w**2 + 12*w + 7. Let y be f(-10). Let p = -359 - y. List the prime factors of p.
2, 7, 11
Suppose 826 = 2*a + 56. Suppose 29 + a = 3*v. What are the prime factors of v?
2, 3, 23
Let c(g) = 27*g**2 + 19*g - 39. List the prime factors of c(7).
13, 109
Let v(u) = -u**2 + 20*u - 18. Let x be ((-11)/((-22)/(-60)))/(-2). What are the prime factors of v(x)?
3, 19
Let k be -1 - (-120)/((-4)/(-2)). Let h = k + -84. Let u = -6 - h. List the prime factors of u.
19
Suppose -30756 = -158*d + 147*d. List the prime factors of d.
2, 3, 233
Let g be 87/232*4*2. Let f = 0 - 2. List the prime factors of ((-12)/g - -3)*f.
2
Let u = -34 - -10. List the prime factors of u/3*33/(-12).
2, 11
Let b = 65 + -37. Let d be (-20)/30*(11 + 1). Let t = b - d. What are the prime factors of t?
2, 3
Let r(c) = -74*c + 2. Suppose 3*z + 2*z - 2*m = 5, -3*z + 3*m + 12 = 0. List the prime factors of r(z).
2, 19
Let z be (-86)/10 + 18/30. Let w(d) = -11*d + 21. What are the prime factors of w(z)?
109
Suppose -234 - 318 = -4*n. Suppose 0 = 3*x - 690 + n. Let y = -126 + x. What are the prime factors of y?
2, 29
Let m(q) be the third derivative of 0 + 0*q - q**3 + 10*q**2 + 1/30*q**5 + 1/4*q**4. List the prime factors of m(4).
2, 5
Suppose 2*h - 8216 = -4*c, 3*c - h - 5788 = 384. Suppose f - 3*f - c = 5*s, -s - 3*f = 406. List the prime factors of (-2)/(-7) + s/(-28).
3, 5
Let o(q) = q**3 - 18*q**2 - 61*q - 103. What are the prime factors of o(24)?
1889
Suppose v - 912 = -2*o, 9*o - v = 5*o + 1824. Suppose -o = 6*i - 12*i. List the prime factors of i.
2, 19
Let r(j) = -j**3 + 30*j**2 - 36*j - 93. What are the prime factors of r(28)?
467
What are the prime factors of (-39)/(-5*(-15)/(-1550))?
2, 13, 31
Let s = -15 + 27. Let r(n) = -n**3 + 12*n**2 + 5*n - 12. Let d be r(s). Suppose w = -3*i - i + d, 2*i - 124 = -3*w. What are the prime factors of w?
2, 5
Let v be 66/(-5) - (-8)/(-10). Let l be (-19764)/(-14) - 4/v. What are the prime factors of 2/(-16) - l/(-32)?
2, 11
List the prime factors of ((-78)/(-4))/(1/36 - 0).
2, 3, 13
What are the prime factors of (-11 - -18) + (-5)/(5/(-54))?
61
Let j = -86 + 92. What are the prime factors of (12 - -324)/(j/4)?
2, 7
Let c(s) = s**2 + 15*s + 20. Let t = 9 + -24. Let f be c(t). What are the prime factors of (-1)/(1 + f/(-16))?
2
Suppose -116 = r - 851. What are the prime factors of r?
3, 5, 7
Let t(c) = 62*c**3 + 2*c - 1. What are the prime factors of t(3)?
23, 73